{"id":100,"date":"2015-01-07T21:08:48","date_gmt":"2015-01-07T21:08:48","guid":{"rendered":"http:\/\/www.katse.fotosulg.com\/?page_id=100"},"modified":"2023-05-10T18:07:01","modified_gmt":"2023-05-10T18:07:01","slug":"info","status":"publish","type":"page","link":"https:\/\/www.fotosulg.com\/?page_id=100","title":{"rendered":"info"},"content":{"rendered":"<section id=\"builder-section-1570612286857\" class=\"builder-section builder-section-first builder-section-text builder-section-next-text builder-text-columns-3\">\n<div class=\"builder-section-content\">\n<div id=\"builder-section-1570612286857-column-1\" class=\"builder-text-column builder-text-column-1\">\n<figure class=\"builder-text-image\"><img loading=\"lazy\" decoding=\"async\" class=\"alignright size-large wp-image-955\" src=\"http:\/\/www.fotosulg.com\/wp-content\/uploads\/2019\/10\/623A9677-copy-1024x683.jpg\" alt=\"\" width=\"620\" height=\"414\" srcset=\"https:\/\/www.fotosulg.com\/wp-content\/uploads\/2019\/10\/623A9677-copy-1024x683.jpg 1024w, https:\/\/www.fotosulg.com\/wp-content\/uploads\/2019\/10\/623A9677-copy-300x200.jpg 300w, https:\/\/www.fotosulg.com\/wp-content\/uploads\/2019\/10\/623A9677-copy-768x512.jpg 768w\" sizes=\"(max-width: 620px) 100vw, 620px\" \/><\/figure>\n<pre class=\"builder-text-title\">Tere!<\/pre>\n<div class=\"builder-text-content\">\n<pre>Pildista palju tahad ja kuidas tahad, aega see siiski ei peata. K\u00fcll saame koos kaameraga luua ajale vastupidavaid fotosid. Saame kokku. Hoiame kokku.\n\n\nRait Avestik\n\n\n<\/pre>\n<\/div>\n<\/div>\n<div id=\"builder-section-1570612286857-column-2\" class=\"builder-text-column builder-text-column-2\">\n<figure class=\"builder-text-image\"><img loading=\"lazy\" decoding=\"async\" class=\"alignright size-large wp-image-999\" src=\"http:\/\/www.fotosulg.com\/wp-content\/uploads\/2019\/10\/marionett_183-025-copy-1024x683.jpg\" alt=\"\" width=\"620\" height=\"414\" srcset=\"https:\/\/www.fotosulg.com\/wp-content\/uploads\/2019\/10\/marionett_183-025-copy-1024x683.jpg 1024w, https:\/\/www.fotosulg.com\/wp-content\/uploads\/2019\/10\/marionett_183-025-copy-300x200.jpg 300w, https:\/\/www.fotosulg.com\/wp-content\/uploads\/2019\/10\/marionett_183-025-copy-768x512.jpg 768w, https:\/\/www.fotosulg.com\/wp-content\/uploads\/2019\/10\/marionett_183-025-copy.jpg 2001w\" sizes=\"(max-width: 620px) 100vw, 620px\" \/><\/figure>\n<pre class=\"builder-text-title\">Foton\u00e4itused:<\/pre>\n<div class=\"builder-text-content\">\n<pre><strong>\u201cTeatrikriitiku tarbekunsti n\u00e4itus\u201d<\/strong>\n2007 Kuressaare linnateater\n2008 Eesti Teatriliit\n2010 Endla teater\n2014 Tallinna Rahva\u00fclikool\n2015 Vaba Lava\n\n<strong>\u201cMeie marionetid \/ Meie, marionetid\u201d<\/strong>\n2015 Salme Kultuurikeskus\n2015 Vanemuise teater\n2015 Eesti Teatri- ja   Muusikamuuseum\n2016 Vaba Lava\n2016 Endla teater\n2019 Pirita vabaajakeskus\n\n\n<\/pre>\n<\/div>\n<\/div>\n<div id=\"builder-section-1570612286857-column-3\" class=\"builder-text-column builder-text-column-3\">\n<figure class=\"builder-text-image\"><img loading=\"lazy\" decoding=\"async\" class=\"alignright size-large wp-image-998\" src=\"http:\/\/www.fotosulg.com\/wp-content\/uploads\/2019\/10\/esileht14-copy-1024x654.jpg\" alt=\"\" width=\"620\" height=\"396\" srcset=\"https:\/\/www.fotosulg.com\/wp-content\/uploads\/2019\/10\/esileht14-copy-1024x654.jpg 1024w, https:\/\/www.fotosulg.com\/wp-content\/uploads\/2019\/10\/esileht14-copy-300x192.jpg 300w, https:\/\/www.fotosulg.com\/wp-content\/uploads\/2019\/10\/esileht14-copy-768x491.jpg 768w\" sizes=\"(max-width: 620px) 100vw, 620px\" \/><\/figure>\n<pre class=\"builder-text-title\">Teater ja raamat!<\/pre>\n<div class=\"builder-text-content\">\n<pre><a href=\"http:\/\/www.raamat.fotosulg.com\/\">Teatriraamatud ja kirjastus Fotosulg<\/a><\/pre>\n<\/div>\n<\/div>\n<\/div>\n<\/section>\n<section id=\"builder-section-1570711893577\" class=\"builder-section builder-section-prev-text builder-section-text builder-section-last builder-text-columns-3\">\n<div class=\"builder-section-content\">\n<div id=\"builder-section-1570711893577-column-1\" class=\"builder-text-column builder-text-column-1\">\n<figure class=\"builder-text-image\"><img loading=\"lazy\" decoding=\"async\" class=\"alignright size-large wp-image-1099\" src=\"http:\/\/www.fotosulg.com\/wp-content\/uploads\/2019\/10\/IMG_6229-copy-1024x683.jpg\" alt=\"\" width=\"620\" height=\"414\" srcset=\"https:\/\/www.fotosulg.com\/wp-content\/uploads\/2019\/10\/IMG_6229-copy-1024x683.jpg 1024w, https:\/\/www.fotosulg.com\/wp-content\/uploads\/2019\/10\/IMG_6229-copy-300x200.jpg 300w, https:\/\/www.fotosulg.com\/wp-content\/uploads\/2019\/10\/IMG_6229-copy-768x512.jpg 768w, https:\/\/www.fotosulg.com\/wp-content\/uploads\/2019\/10\/IMG_6229-copy.jpg 1500w\" sizes=\"(max-width: 620px) 100vw, 620px\" \/><\/figure>\n<pre class=\"builder-text-title\">Ettev\u00f5te<\/pre>\n<div class=\"builder-text-content\">\n<ul>\n<li>\n<h3>portreed t\u00f6\u00f6tajatest<\/h3>\n<\/li>\n<li>\n<h3><span style=\"display: inline !important; float: none; background-color: #ffffff; color: #444444; font-family: 'Helvetica Neue',Helvetica,Arial,sans-serif; font-size: 13px; font-style: normal; font-variant: normal; font-weight: 400; letter-spacing: normal; orphans: 2; text-align: left; text-decoration: none; text-indent: 0px; text-transform: none; -webkit-text-stroke-width: 0px; white-space: normal; word-spacing: 0px;\">grupifotod kollektiividest<\/span><\/h3>\n<\/li>\n<li>\n<h3><span style=\"display: inline !important; float: none; background-color: #ffffff; color: #444444; font-family: 'Helvetica Neue',Helvetica,Arial,sans-serif; font-size: 13px; font-style: normal; font-variant: normal; font-weight: 400; letter-spacing: normal; orphans: 2; text-align: left; text-decoration: none; text-indent: 0px; text-transform: none; -webkit-text-stroke-width: 0px; white-space: normal; word-spacing: 0px;\">reportaa\u017e t\u00f6\u00f6p\u00e4evast<\/span><b><\/b><i><\/i><u><\/u><\/h3>\n<\/li>\n<li>\n<h3><span style=\"display: inline !important; float: none; background-color: #ffffff; color: #444444; font-family: 'Helvetica Neue',Helvetica,Arial,sans-serif; font-size: 13px; font-style: normal; font-variant: normal; font-weight: 400; letter-spacing: normal; orphans: 2; text-align: left; text-decoration: none; text-indent: 0px; text-transform: none; -webkit-text-stroke-width: 0px; white-space: normal; word-spacing: 0px;\">\u00fclesv\u00f5tted interj\u00f6\u00f6rist ja eksterj\u00f6\u00f6rist<\/span><b><\/b><i><\/i><u><\/u><\/h3>\n<\/li>\n<li>\n<h3><span style=\"display: inline !important; float: none; background-color: #ffffff; color: #444444; font-family: 'Helvetica Neue',Helvetica,Arial,sans-serif; font-size: 13px; font-style: normal; font-variant: normal; font-weight: 400; letter-spacing: normal; orphans: 2; text-align: left; text-decoration: none; text-indent: 0px; text-transform: none; -webkit-text-stroke-width: 0px; white-space: normal; word-spacing: 0px;\">mobiilne fotostuudio teie asutuses<\/span><\/h3>\n<\/li>\n<\/ul>\n<ol>\n<li>\n<h3>tund 125\u20ac, iga j\u00e4rgnev 100\u20ac<\/h3>\n<\/li>\n<\/ol>\n<pre>Portreede hinnad (pildistatuna \u00fchel p\u00e4eval):\n<big><small>1-4 inimest -<strong> 125\u20ac<\/strong><\/small><\/big>\n<big><small>5-10 inimest - <strong>25\u20ac<\/strong> inimene<\/small><\/big>\n<big><small>11-...inimest - <strong>22\u20ac<\/strong> inimene<\/small><\/big>\n\n\n\n<\/pre>\n<\/div>\n<\/div>\n<div id=\"builder-section-1570711893577-column-2\" class=\"builder-text-column builder-text-column-2\">\n<figure class=\"builder-text-image\"><img loading=\"lazy\" decoding=\"async\" class=\"alignright size-large wp-image-1108\" src=\"http:\/\/www.fotosulg.com\/wp-content\/uploads\/2019\/10\/rakvere-linnanoored-108-copy-1024x683.jpg\" alt=\"\" width=\"620\" height=\"414\" srcset=\"https:\/\/www.fotosulg.com\/wp-content\/uploads\/2019\/10\/rakvere-linnanoored-108-copy-1024x683.jpg 1024w, https:\/\/www.fotosulg.com\/wp-content\/uploads\/2019\/10\/rakvere-linnanoored-108-copy-300x200.jpg 300w, https:\/\/www.fotosulg.com\/wp-content\/uploads\/2019\/10\/rakvere-linnanoored-108-copy-768x512.jpg 768w\" sizes=\"(max-width: 620px) 100vw, 620px\" \/><\/figure>\n<pre class=\"builder-text-title\">Inimene<\/pre>\n<div class=\"builder-text-content\">\n<pre>Fotosessioonid looduses, majas ja aias. Mobiilne fotostuudio seal, kus vaja.<\/pre>\n<ul>\n<li>\n<h3><strong>30 minutit pildistamist<\/strong>: keskmiselt 10 t\u00f6\u00f6deldud ja originaalsuuruses fotot, 1 foto paberil (15&#215;21) &#8211; 95\u20ac<\/h3>\n<\/li>\n<li>\n<h3><b>60 minutit pildistamist<\/b>: keskmiselt 20 t\u00f6\u00f6deldud ja originaalsuuruses fotot, 3 fotot paberil (15&#215;21) &#8211; 125\u20ac<\/h3>\n<\/li>\n<li>\n<h3><strong>90 minutit pildistamist<\/strong>: keskmiselt 30 t\u00f6\u00f6deldud ja originaalsuuruses fotot, 5 fotot paberil (15&#215;21) &#8211; 165\u20ac<\/h3>\n<\/li>\n<\/ul>\n<pre>Pildistamine stuudios (hinnale lisandub stuudio rendihind)<\/pre>\n<ul>\n<li>\n<h3><strong>60 minutit pildistamist<\/strong>: keskmiselt 20 t\u00f6\u00f6deldud ja originaalsuuruses fotot, 3 fotot paberil (15&#215;21) &#8211; 125\u20ac<\/h3>\n<\/li>\n<\/ul>\n<\/div>\n<\/div>\n<div id=\"builder-section-1570711893577-column-3\" class=\"builder-text-column builder-text-column-3\">\n<figure class=\"builder-text-image\"><img loading=\"lazy\" decoding=\"async\" class=\"alignright size-large wp-image-459\" src=\"http:\/\/www.fotosulg.com\/wp-content\/uploads\/2015\/02\/yritus0041-1024x681.jpg\" alt=\"\" width=\"620\" height=\"412\" srcset=\"https:\/\/www.fotosulg.com\/wp-content\/uploads\/2015\/02\/yritus0041-1024x681.jpg 1024w, https:\/\/www.fotosulg.com\/wp-content\/uploads\/2015\/02\/yritus0041-300x200.jpg 300w, https:\/\/www.fotosulg.com\/wp-content\/uploads\/2015\/02\/yritus0041.jpg 1900w\" sizes=\"(max-width: 620px) 100vw, 620px\" \/><\/figure>\n<pre class=\"builder-text-title\">Pulm<\/pre>\n<div class=\"builder-text-content\">\n<ul>\n<li>\n<h3><strong>V\u00e4ike:<\/strong><\/h3>\n<p>Laulatuse v\u00f5i registreerimise pildistamine, grupipildid. Keskmiselt 20 t\u00f6\u00f6deldud ja originaalsuuruses fotot, veebigalerii, 3 fotot paberil (15&#215;21) &#8211; 150\u20ac<\/li>\n<li>\n<h3><strong>Keskmine:<\/strong><\/h3>\n<\/li>\n<li><small><big>Laulatuse v\u00f5i registreerimise pildistamine, grupipildid, ilupildid (~2 tundi) . Keskmiselt 50 t\u00f6\u00f6deldud ja originaalsuuruses fotot, veebigalerii, 10 fotot paberil (15&#215;21) &#8211; 240\u20ac<\/big><\/small><\/li>\n<li>\n<h3><strong>Suur:<\/strong><\/h3>\n<p>Terve pulmap\u00e4ev &#8211; ettevalmistused, laulatus v\u00f5i registreerimine, ilupildid, pidu kuni s\u00fcda\u00f6\u00f6ni. Veebigalerii, keskmiselt 200 t\u00f6\u00f6deldud ja originaalsuuruses fotot, 20 fotot paberil (15&#215;21) &#8211; 490\u20ac (+k\u00fctusekulu)<\/li>\n<\/ul>\n<\/div>\n<\/div>\n<\/div>\n<\/section>\n","protected":false},"excerpt":{"rendered":"<p>Tere! Pildista palju tahad ja kuidas tahad, aega see siiski ei peata. K\u00fcll saame koos kaameraga luua ajale vastupidavaid fotosid. Saame kokku. Hoiame kokku. Rait Avestik Foton\u00e4itused: \u201cTeatrikriitiku tarbekunsti n\u00e4itus\u201d 2007 Kuressaare linnateater 2008 Eesti Teatriliit 2010 Endla teater 2014 Tallinna Rahva\u00fclikool 2015 Vaba Lava \u201cMeie marionetid \/ Meie, marionetid\u201d 2015 Salme Kultuurikeskus 2015 Vanemuise &hellip;<\/p>\n","protected":false},"author":1,"featured_media":0,"parent":0,"menu_order":6,"comment_status":"closed","ping_status":"closed","template":"template-builder.php","meta":{"footnotes":""},"_links":{"self":[{"href":"https:\/\/www.fotosulg.com\/index.php?rest_route=\/wp\/v2\/pages\/100"}],"collection":[{"href":"https:\/\/www.fotosulg.com\/index.php?rest_route=\/wp\/v2\/pages"}],"about":[{"href":"https:\/\/www.fotosulg.com\/index.php?rest_route=\/wp\/v2\/types\/page"}],"author":[{"embeddable":true,"href":"https:\/\/www.fotosulg.com\/index.php?rest_route=\/wp\/v2\/users\/1"}],"replies":[{"embeddable":true,"href":"https:\/\/www.fotosulg.com\/index.php?rest_route=%2Fwp%2Fv2%2Fcomments&post=100"}],"version-history":[{"count":66,"href":"https:\/\/www.fotosulg.com\/index.php?rest_route=\/wp\/v2\/pages\/100\/revisions"}],"predecessor-version":[{"id":1195,"href":"https:\/\/www.fotosulg.com\/index.php?rest_route=\/wp\/v2\/pages\/100\/revisions\/1195"}],"wp:attachment":[{"href":"https:\/\/www.fotosulg.com\/index.php?rest_route=%2Fwp%2Fv2%2Fmedia&parent=100"}],"curies":[{"name":"wp","href":"https:\/\/api.w.org\/{rel}","templated":true}]}}